{"id":14723,"date":"2017-12-21T21:59:06","date_gmt":"2017-12-21T21:59:06","guid":{"rendered":"https:\/\/tattoo.vamtam.com\/?page_id=14723"},"modified":"2025-10-22T17:08:14","modified_gmt":"2025-10-22T15:08:14","slug":"accueil","status":"publish","type":"page","link":"https:\/\/lechatnoirtattoo.com\/","title":{"rendered":"Accueil"},"content":{"rendered":"<div class=\"vgblk-rw-wrapper limit-wrapper\">\n<h2>\n\tAu Shop\n\t<\/h2>\n<h2>\n\t\t\t<a href=\"https:\/\/lechatnoirtattoo.com\/index.php\/tattoo\/\" title=\"TATTOO\" target=\"_self\">\n\tTATTOO\n\t\t\t<\/a>\n\t<\/h2>\n\t<h5>Notre \u00e9quipe est pr\u00eate \u00e0 accueillir vos projets.<\/h5>\n\t<a href=\"https:\/\/lechatnoirtattoo.com\/index.php\/tattoo\/\" target=\"_self\" role=\"button\">\n\t\t\t\t\tPlus\n\t<\/a>\n<h2>\n\t\t\t<a href=\"https:\/\/lechatnoirtattoo.com\/index.php\/tattoo-en-conscience\/\" title=\"TATTOO EN CONSCIENCE\" target=\"_self\">\n\tTATTOO EN CONSCIENCE\n\t\t\t<\/a>\n\t<\/h2>\n\t<h4>Emmy est bien plus qu&rsquo;une tatoueuse classique, au shop elle propose le \u00ab rituel du tatouage en conscience \u00bb.<\/h4>\n\t<a href=\"https:\/\/lechatnoirtattoo.com\/index.php\/tattoo-en-conscience\/\" target=\"_self\" role=\"button\">\n\t\t\t\t\tPlus\n\t<\/a>\n<h2>\n\t\t\t<a href=\"https:\/\/lechatnoirtattoo.com\/index.php\/piercing\/\" title=\"PIERCING\" target=\"_self\">\n\tPIERCING\n\t\t\t<\/a>\n\t<\/h2>\n\t<h5>Evan vous accompagne dans le processus, vous rassures et veille \u00e0 la compr\u00e9hension des soins pour une cicatrisation optimale. Le suivi est primordial, c&rsquo;est pour cela que je vous suis jusqu&rsquo;\u00e0 la cicatrisation compl\u00e8te.<\/h5>\n\t<a href=\"https:\/\/lechatnoirtattoo.com\/index.php\/piercing\/\" target=\"_self\" role=\"button\">\n\t\t\t\t\tPlus\n\t<\/a>\n<h2>\n\t\t\t<a href=\"https:\/\/lechatnoirtattoo.com\/index.php\/strass-dentaires-et-extension-cils\/\" title=\"STRASS DENTAIRES ET EXTENSION CILS\" target=\"_self\">\n\tSTRASS DENTAIRES ET EXTENSION CILS\n\t\t\t<\/a>\n\t<\/h2>\n\t<h4>Regard de f\u00e9e est dipl\u00f4m\u00e9e d&rsquo;esth\u00e9tique et professionnelle de la beaut\u00e9 depuis 2012, elle est d\u00e9sormais sp\u00e9cialis\u00e9e dans les extensions de cils aux r\u00e9sultats naturels depuis 9 ans, son expertise dans ce domaine saura r\u00e9pondre \u00e0 vos envies tout en respectant toujours votre physiologie.<\/h4>\n\t<a href=\"https:\/\/lechatnoirtattoo.com\/index.php\/strass-dentaires-et-extension-cils\/\" target=\"_self\" role=\"button\">\n\t\t\t\t\tPlus\n\t<\/a>\n<h2>\n\tAvis clients\n\t<\/h2>\n\t\t\t<a href=\"https:\/\/www.google.com\/search?q=le+chat+noir&#038;oq=le+chat+noir&#038;aqs=chrome.0.69i59j0i13i512j46i13i175i199i512j69i59j0i13i512j69i60l3.5050j0j7&#038;sourceid=chrome&#038;ie=UTF-8#lrd=0x12cc29aebd72dae7:0x5669abddfb14a776,1,,,,\" target=\"_self\">\n\t\t\t\t\t\t\tLire nos avis et partager les v\u00f4tres\n\t\t\t\t\t<\/a>\n\n<\/div><!-- .vgblk-rw-wrapper -->","protected":false},"excerpt":{"rendered":"<p>Au Shop TATTOO Notre \u00e9quipe est pr\u00eate \u00e0 accueillir vos projets. Plus TATTOO EN CONSCIENCE Emmy est bien plus qu&rsquo;une tatoueuse classique, au shop elle propose le \u00ab rituel du tatouage en conscience \u00bb. Plus PIERCING Evan vous accompagne dans le processus, vous rassures et veille \u00e0 la compr\u00e9hension des soins pour une cicatrisation optimale&#8230;.<\/p>\n","protected":false},"author":1,"featured_media":988341,"parent":0,"menu_order":0,"comment_status":"closed","ping_status":"closed","template":"","meta":{"inline_featured_image":false,"footnotes":""},"class_list":["post-14723","page","type-page","status-publish","has-post-thumbnail","hentry"],"yoast_head":"<!-- This site is optimized with the Yoast SEO plugin v27.4 - https:\/\/yoast.com\/product\/yoast-seo-wordpress\/ -->\n<title>Accueil - Le chat noir tatouages by Emmy | Instagram, Facebook | Mouans-Sartoux 06370 | Alpes-Maritimes 06<\/title>\n<meta name=\"robots\" content=\"index, follow, max-snippet:-1, max-image-preview:large, max-video-preview:-1\" \/>\n<link rel=\"canonical\" href=\"https:\/\/lechatnoirtattoo.com\/\" \/>\n<meta property=\"og:locale\" content=\"fr_FR\" \/>\n<meta property=\"og:type\" content=\"article\" \/>\n<meta property=\"og:title\" content=\"Le chat noir tatouages\" \/>\n<meta property=\"og:description\" content=\"by Emmy | Instagram, Facebook | Mouans-Sartoux 06370 | Alpes-Maritimes 06\" \/>\n<meta property=\"og:url\" content=\"https:\/\/lechatnoirtattoo.com\/\" \/>\n<meta property=\"og:site_name\" content=\"Le chat noir tatouages by Emmy | Instagram, Facebook | Mouans-Sartoux 06370 | Alpes-Maritimes 06\" \/>\n<meta property=\"article:publisher\" content=\"https:\/\/www.facebook.com\/lechatnoirtatouagesbyemmy\" \/>\n<meta property=\"article:modified_time\" content=\"2025-10-22T15:08:14+00:00\" \/>\n<meta property=\"og:image\" content=\"https:\/\/lechatnoirtattoo.com\/wp-content\/uploads\/2023\/02\/logo-black.png\" \/>\n\t<meta property=\"og:image:width\" content=\"375\" \/>\n\t<meta property=\"og:image:height\" content=\"183\" \/>\n\t<meta property=\"og:image:type\" content=\"image\/png\" \/>\n<meta name=\"twitter:card\" content=\"summary_large_image\" \/>\n<meta name=\"twitter:title\" content=\"Le chat noir tatouages\" \/>\n<meta name=\"twitter:description\" content=\"by Emmy | Instagram, Facebook | Mouans-Sartoux 06370 | Alpes-Maritimes 06\" \/>\n<meta name=\"twitter:image\" content=\"https:\/\/lechatnoirtattoo.com\/wp-content\/uploads\/2023\/02\/logo-black.png\" \/>\n<script type=\"application\/ld+json\" class=\"yoast-schema-graph\">{\"@context\":\"https:\\\/\\\/schema.org\",\"@graph\":[{\"@type\":\"WebPage\",\"@id\":\"https:\\\/\\\/lechatnoirtattoo.com\\\/\",\"url\":\"https:\\\/\\\/lechatnoirtattoo.com\\\/\",\"name\":\"Accueil - Le chat noir tatouages by Emmy | Instagram, Facebook | Mouans-Sartoux 06370 | Alpes-Maritimes 06\",\"isPartOf\":{\"@id\":\"https:\\\/\\\/lechatnoirtattoo.com\\\/#website\"},\"primaryImageOfPage\":{\"@id\":\"https:\\\/\\\/lechatnoirtattoo.com\\\/#primaryimage\"},\"image\":{\"@id\":\"https:\\\/\\\/lechatnoirtattoo.com\\\/#primaryimage\"},\"thumbnailUrl\":\"https:\\\/\\\/lechatnoirtattoo.com\\\/wp-content\\\/uploads\\\/2023\\\/02\\\/logo-black.png\",\"datePublished\":\"2017-12-21T21:59:06+00:00\",\"dateModified\":\"2025-10-22T15:08:14+00:00\",\"breadcrumb\":{\"@id\":\"https:\\\/\\\/lechatnoirtattoo.com\\\/#breadcrumb\"},\"inLanguage\":\"fr-FR\",\"potentialAction\":[{\"@type\":\"ReadAction\",\"target\":[\"https:\\\/\\\/lechatnoirtattoo.com\\\/\"]}]},{\"@type\":\"ImageObject\",\"inLanguage\":\"fr-FR\",\"@id\":\"https:\\\/\\\/lechatnoirtattoo.com\\\/#primaryimage\",\"url\":\"https:\\\/\\\/lechatnoirtattoo.com\\\/wp-content\\\/uploads\\\/2023\\\/02\\\/logo-black.png\",\"contentUrl\":\"https:\\\/\\\/lechatnoirtattoo.com\\\/wp-content\\\/uploads\\\/2023\\\/02\\\/logo-black.png\",\"width\":375,\"height\":183},{\"@type\":\"BreadcrumbList\",\"@id\":\"https:\\\/\\\/lechatnoirtattoo.com\\\/#breadcrumb\",\"itemListElement\":[{\"@type\":\"ListItem\",\"position\":1,\"name\":\"Accueil\",\"item\":\"https:\\\/\\\/lechatnoirtattoo.com\\\/\"},{\"@type\":\"ListItem\",\"position\":2,\"name\":\"Accueil\"}]},{\"@type\":\"WebSite\",\"@id\":\"https:\\\/\\\/lechatnoirtattoo.com\\\/#website\",\"url\":\"https:\\\/\\\/lechatnoirtattoo.com\\\/\",\"name\":\"Le chat noir tatouages by Emmy | Instagram, Facebook | Mouans-Sartoux 06370 | Alpes-Maritimes 06\",\"description\":\"\",\"publisher\":{\"@id\":\"https:\\\/\\\/lechatnoirtattoo.com\\\/#organization\"},\"potentialAction\":[{\"@type\":\"SearchAction\",\"target\":{\"@type\":\"EntryPoint\",\"urlTemplate\":\"https:\\\/\\\/lechatnoirtattoo.com\\\/?s={search_term_string}\"},\"query-input\":{\"@type\":\"PropertyValueSpecification\",\"valueRequired\":true,\"valueName\":\"search_term_string\"}}],\"inLanguage\":\"fr-FR\"},{\"@type\":\"Organization\",\"@id\":\"https:\\\/\\\/lechatnoirtattoo.com\\\/#organization\",\"name\":\"Le chat noir tatouages by Emmy | Instagram, Facebook | Mouans-Sartoux 06370 | Alpes-Maritimes 06\",\"url\":\"https:\\\/\\\/lechatnoirtattoo.com\\\/\",\"logo\":{\"@type\":\"ImageObject\",\"inLanguage\":\"fr-FR\",\"@id\":\"https:\\\/\\\/lechatnoirtattoo.com\\\/#\\\/schema\\\/logo\\\/image\\\/\",\"url\":\"https:\\\/\\\/lechatnoirtattoo.com\\\/wp-content\\\/uploads\\\/2023\\\/02\\\/logo-black.png\",\"contentUrl\":\"https:\\\/\\\/lechatnoirtattoo.com\\\/wp-content\\\/uploads\\\/2023\\\/02\\\/logo-black.png\",\"width\":375,\"height\":183,\"caption\":\"Le chat noir tatouages by Emmy | Instagram, Facebook | Mouans-Sartoux 06370 | Alpes-Maritimes 06\"},\"image\":{\"@id\":\"https:\\\/\\\/lechatnoirtattoo.com\\\/#\\\/schema\\\/logo\\\/image\\\/\"},\"sameAs\":[\"https:\\\/\\\/www.facebook.com\\\/lechatnoirtatouagesbyemmy\",\"https:\\\/\\\/www.instagram.com\\\/le_chat_noir_by_emmy\",\"https:\\\/\\\/www.tiktok.com\\\/@lechatnoirtatouagebyemmy\"]}]}<\/script>\n<!-- \/ Yoast SEO plugin. -->","yoast_head_json":{"title":"Accueil - Le chat noir tatouages by Emmy | Instagram, Facebook | Mouans-Sartoux 06370 | Alpes-Maritimes 06","robots":{"index":"index","follow":"follow","max-snippet":"max-snippet:-1","max-image-preview":"max-image-preview:large","max-video-preview":"max-video-preview:-1"},"canonical":"https:\/\/lechatnoirtattoo.com\/","og_locale":"fr_FR","og_type":"article","og_title":"Le chat noir tatouages","og_description":"by Emmy | Instagram, Facebook | Mouans-Sartoux 06370 | Alpes-Maritimes 06","og_url":"https:\/\/lechatnoirtattoo.com\/","og_site_name":"Le chat noir tatouages by Emmy | Instagram, Facebook | Mouans-Sartoux 06370 | Alpes-Maritimes 06","article_publisher":"https:\/\/www.facebook.com\/lechatnoirtatouagesbyemmy","article_modified_time":"2025-10-22T15:08:14+00:00","og_image":[{"width":375,"height":183,"url":"https:\/\/lechatnoirtattoo.com\/wp-content\/uploads\/2023\/02\/logo-black.png","type":"image\/png"}],"twitter_card":"summary_large_image","twitter_title":"Le chat noir tatouages","twitter_description":"by Emmy | Instagram, Facebook | Mouans-Sartoux 06370 | Alpes-Maritimes 06","twitter_image":"https:\/\/lechatnoirtattoo.com\/wp-content\/uploads\/2023\/02\/logo-black.png","schema":{"@context":"https:\/\/schema.org","@graph":[{"@type":"WebPage","@id":"https:\/\/lechatnoirtattoo.com\/","url":"https:\/\/lechatnoirtattoo.com\/","name":"Accueil - Le chat noir tatouages by Emmy | Instagram, Facebook | Mouans-Sartoux 06370 | Alpes-Maritimes 06","isPartOf":{"@id":"https:\/\/lechatnoirtattoo.com\/#website"},"primaryImageOfPage":{"@id":"https:\/\/lechatnoirtattoo.com\/#primaryimage"},"image":{"@id":"https:\/\/lechatnoirtattoo.com\/#primaryimage"},"thumbnailUrl":"https:\/\/lechatnoirtattoo.com\/wp-content\/uploads\/2023\/02\/logo-black.png","datePublished":"2017-12-21T21:59:06+00:00","dateModified":"2025-10-22T15:08:14+00:00","breadcrumb":{"@id":"https:\/\/lechatnoirtattoo.com\/#breadcrumb"},"inLanguage":"fr-FR","potentialAction":[{"@type":"ReadAction","target":["https:\/\/lechatnoirtattoo.com\/"]}]},{"@type":"ImageObject","inLanguage":"fr-FR","@id":"https:\/\/lechatnoirtattoo.com\/#primaryimage","url":"https:\/\/lechatnoirtattoo.com\/wp-content\/uploads\/2023\/02\/logo-black.png","contentUrl":"https:\/\/lechatnoirtattoo.com\/wp-content\/uploads\/2023\/02\/logo-black.png","width":375,"height":183},{"@type":"BreadcrumbList","@id":"https:\/\/lechatnoirtattoo.com\/#breadcrumb","itemListElement":[{"@type":"ListItem","position":1,"name":"Accueil","item":"https:\/\/lechatnoirtattoo.com\/"},{"@type":"ListItem","position":2,"name":"Accueil"}]},{"@type":"WebSite","@id":"https:\/\/lechatnoirtattoo.com\/#website","url":"https:\/\/lechatnoirtattoo.com\/","name":"Le chat noir tatouages by Emmy | Instagram, Facebook | Mouans-Sartoux 06370 | Alpes-Maritimes 06","description":"","publisher":{"@id":"https:\/\/lechatnoirtattoo.com\/#organization"},"potentialAction":[{"@type":"SearchAction","target":{"@type":"EntryPoint","urlTemplate":"https:\/\/lechatnoirtattoo.com\/?s={search_term_string}"},"query-input":{"@type":"PropertyValueSpecification","valueRequired":true,"valueName":"search_term_string"}}],"inLanguage":"fr-FR"},{"@type":"Organization","@id":"https:\/\/lechatnoirtattoo.com\/#organization","name":"Le chat noir tatouages by Emmy | Instagram, Facebook | Mouans-Sartoux 06370 | Alpes-Maritimes 06","url":"https:\/\/lechatnoirtattoo.com\/","logo":{"@type":"ImageObject","inLanguage":"fr-FR","@id":"https:\/\/lechatnoirtattoo.com\/#\/schema\/logo\/image\/","url":"https:\/\/lechatnoirtattoo.com\/wp-content\/uploads\/2023\/02\/logo-black.png","contentUrl":"https:\/\/lechatnoirtattoo.com\/wp-content\/uploads\/2023\/02\/logo-black.png","width":375,"height":183,"caption":"Le chat noir tatouages by Emmy | Instagram, Facebook | Mouans-Sartoux 06370 | Alpes-Maritimes 06"},"image":{"@id":"https:\/\/lechatnoirtattoo.com\/#\/schema\/logo\/image\/"},"sameAs":["https:\/\/www.facebook.com\/lechatnoirtatouagesbyemmy","https:\/\/www.instagram.com\/le_chat_noir_by_emmy","https:\/\/www.tiktok.com\/@lechatnoirtatouagebyemmy"]}]}},"_links":{"self":[{"href":"https:\/\/lechatnoirtattoo.com\/index.php\/wp-json\/wp\/v2\/pages\/14723","targetHints":{"allow":["GET"]}}],"collection":[{"href":"https:\/\/lechatnoirtattoo.com\/index.php\/wp-json\/wp\/v2\/pages"}],"about":[{"href":"https:\/\/lechatnoirtattoo.com\/index.php\/wp-json\/wp\/v2\/types\/page"}],"author":[{"embeddable":true,"href":"https:\/\/lechatnoirtattoo.com\/index.php\/wp-json\/wp\/v2\/users\/1"}],"replies":[{"embeddable":true,"href":"https:\/\/lechatnoirtattoo.com\/index.php\/wp-json\/wp\/v2\/comments?post=14723"}],"version-history":[{"count":0,"href":"https:\/\/lechatnoirtattoo.com\/index.php\/wp-json\/wp\/v2\/pages\/14723\/revisions"}],"wp:featuredmedia":[{"embeddable":true,"href":"https:\/\/lechatnoirtattoo.com\/index.php\/wp-json\/wp\/v2\/media\/988341"}],"wp:attachment":[{"href":"https:\/\/lechatnoirtattoo.com\/index.php\/wp-json\/wp\/v2\/media?parent=14723"}],"curies":[{"name":"wp","href":"https:\/\/api.w.org\/{rel}","templated":true}]}}